 2 = 14. List the prime factors of v(l).
2, 5, 7
Let g be 5/(116/12 - 8). Suppose -34*a + 38*a - 2*n - 1128 = 0, -g*a + 3*n = -843. List the prime factors of a.
283
Suppose 3282 = v - 3762. Suppose 22*q - 3472 = v. List the prime factors of q.
2, 239
Let z(d) = d**3 + d + 1. Let i(u) = u**3 - 2*u**2 + 7*u + 10. Let t(b) = i(b) - 2*z(b). Let m be t(-7). Suppose m - 83 = q. What are the prime factors of q?
3, 5
Suppose z - 1024 = 5*z - 2*l, -4*z + 3*l - 1028 = 0. Let g = -176 - z. Suppose 45 - g = -3*o. List the prime factors of o.
11
Let u = -5161 - -14882. List the prime factors of u.
9721
Let c(j) = -27*j - 54. Let n be c(-2). Suppose -g + 3*h + 1102 = n, 2*g + 2*h - 7*h = 2207. List the prime factors of g.
11, 101
List the prime factors of (-1*(-157)/(-2))/(70/(-9940)).
71, 157
Suppose -181*n + 1341745 - 167960 = 0. What are the prime factors of n?
5, 1297
Suppose -2*n - 27 = -5*x, 6*n - 9*n + 12 = 3*x. What are the prime factors of (-8 + -134)/(-1 + 1 + n)?
2, 71
Let s be 0/(-10) - (0/1 - 1). What are the prime factors of (-5150)/(-20) - (2/(-4))/s?
2, 3, 43
Let b(a) = -92*a + 1650. What are the prime factors of b(-47)?
2, 29, 103
Let w = 133 + -26. Let p = 481 - w. What are the prime factors of p?
2, 11, 17
List the prime factors of (-27 + 2193/85)/((-3)/24740).
2, 1237
Suppose -3 - 2 = -f. Let u(i) = 199*i - 24 + 8*i**2 - 85*i - 113*i + 2*i**2. What are the prime factors of u(f)?
3, 7, 11
Let i be 5*(9 + -5 + 78). Suppose i = 2*z - 4*b, 4*b = -1 - 11. List the prime factors of z.
199
Let u be (-11578)/6 - 224/(-336). Let k = u - -3499. What are the prime factors of k?
2, 5, 157
Suppose -1050 = -5*m + 485. Let a = 444 - m. List the prime factors of a.
137
Let v(x) = 293*x**2 - 5*x + 6. Let z be (-3)/((-6)/(-4)) + (3 - 0). What are the prime factors of v(z)?
2, 3, 7
Let z be (3/(-3))/((-3)/36). Let y(p) = 74*p + 35. List the prime factors of y(z).
13, 71
Suppose -4*p + 18502 = -c, -6519 - 21239 = -6*p - c. List the prime factors of p.
2, 3, 257
Let l be 3/12 + 153/12. Suppose 28 = 20*p - l*p. Suppose -p*c - 5 + 49 = u, 4*u - 4*c = 256. What are the prime factors of u?
2, 3, 5
Let m be (-4 - 668/12)*-3. Suppose 4*x - 5*p + 484 = 0, 2*p - 209 = -4*x - 665. Let h = m + x. List the prime factors of h.
3, 7
Let q = -1491 - -1489. Suppose 2*o - 3*o - 2 = 0. What are the prime factors of (-1)/(o/(-8)*q)?
2
Suppose -4*x + 4*u = -12 - 24, 32 = 4*x - 2*u. Suppose -295 = 8*t - x*t. What are the prime factors of (-16)/(-88) + t/(-11)?
3
Let p(b) = 2*b**3 + 31*b**2 + 4*b + 8. Let z be p(-16). Let c = z + 495. What are the prime factors of c?
3, 61
What are the prime factors of (-622)/((-11776)/(-42343) + (0 - (-2)/(-7)))?
263, 311
Let q be 18*(15/(-9))/(-5). Suppose d - 3*d + q = 0, 2*d = 3*n + 87. List the prime factors of (267/12)/((n/(-12))/9).
89
Let c(t) = -567*t - 370. List the prime factors of c(-10).
2, 5, 53
Suppose -2*n - 6 + 17 = -j, -2*j - 19 = -3*n. Suppose -4 = -n*l - 88. What are the prime factors of ((-29)/2)/(7/l)?
2, 29
Let z(c) = -51219*c - 1912. List the prime factors of z(-1).
49307
Let u = 27 - 29. Suppose 8 = -q + 4. What are the prime factors of 3*u*q/24*109?
109
Let n(f) = f**2 + 2*f + 1. Let k be n(-3). Suppose -5*l + d = -26, -4*d = -10 + 14. Suppose k = l*o - 401. What are the prime factors of o?
3
Suppose -44*t + 30 = -42*t. Let i(q) = -14*q**2 + 3*q - 2. Let r be i(1). Let f = t - r. What are the prime factors of f?
2, 7
Suppose -6*t + 10*t - 10096 = -5*z, -t = -2*z - 2498. List the prime factors of t.
2, 3, 419
Let u = -2193 - -17712. List the prime factors of u.
3, 7, 739
Let t(v) = -300*v + 3039. List the prime factors of t(-34).
3, 1471
Let v(q) = -2 + 41*q + 30*q - 45*q**2 - 8 - 79*q + 46*q**2. Suppose 4*l + 8 = -4*m, 3*l - m = 4*m - 46. What are the prime factors of v(l)?
5, 19
Let h(s) be the second derivative of 347*s**4/12 - s**3/6 + s**2 + 3*s - 1. List the prime factors of h(1).
2, 3, 29
Let v be 159/(-2)*(-1 + (-2)/(-6)). Let q = v + -49. Suppose -q*h = -6*h + 198. What are the prime factors of h?
3, 11
Let v = -18322 + 21100. What are the prime factors of v?
2, 3, 463
Let m = 186 - 186. Suppose 47*l - 34*l - 819 = m. What are the prime factors of l?
3, 7
Let t = 648 - 519. Suppose -t*a + 134*a = 1185. List the prime factors of a.
3, 79
Let g(i) = 167*i - 2196. What are the prime factors of g(133)?
5, 4003
Let h(d) = -4161*d + 279. List the prime factors of h(-2).
3, 47, 61
Suppose 0 = -190*n + 165*n + 32425. List the prime factors of n.
1297
Let d(o) = 4*o**2 + 3*o - 6. Let p = -119 + 112. Let n = -14 - p. What are the prime factors of d(n)?
13
Suppose -248*y + 6479978 = -3710094. List the prime factors of y.
17, 2417
Suppose 0 = 5*t, 5*k + 4*t + 1500 = -300. Let n = k + 712. What are the prime factors of n?
2, 11
Suppose -10536 = 91*b - 97*b. Suppose 7*h + b = 11*h - 4*l, -5*h - 3*l + 2203 = 0. What are the prime factors of h?
2, 5, 11
Let q be (4 + 2)/2 + 80. Let i = 25 + -59. Let o = i + q. List the prime factors of o.
7
Let p(f) = -3*f**3 - 34*f**2 - 9*f + 22. Let b be p(-11). Suppose -q = -2*s - 459, 4*q - 1863 = -b*s - s. What are the prime factors of q?
3, 5, 31
Let v(t) = -13*t**3 + 9*t**2 + 83*t - 4. List the prime factors of v(-11).
3, 5, 233
Let p(q) = 4*q - 65. Let m be p(18). Suppose -m*h = 5*h - 10752. List the prime factors of h.
2, 7
Let h(a) = 85*a**2 - 2*a + 55. Let i be h(-7). List the prime factors of i/30 - 11/((-495)/(-6)).
3, 47
Let z = 61 + -59. Let o be (156/(-91))/(z/(-28)). Let y = o - 11. What are the prime factors of y?
13
Let h(l) be the third derivative of -l**6/120 + 4*l**5/15 - 7*l**4/8 - l**3/6 + 51*l**2. List the prime factors of h(6).
233
Suppose -473 = 2*v + 3*f - 1355, -427 = -v - 5*f. List the prime factors of v.
3, 149
Let b(s) = -10*s - 88. Let f be b(-9). Suppose f*l = 4*q - 2060, 0 = -5*l + 4*l. List the prime factors of q.
5, 103
Suppose -8*q = -533 - 1123. Let r = 630 - q. Suppose 3*u - r = 183. What are the prime factors of u?
2, 101
Let m(f) = -8*f**2 + 5*f + 1. Let n(l) = -l**2 + 3. Let k(o) = -2*m(o) + 6*n(o). List the prime factors of k(-6).
2, 109
Suppose -10*r + 75*r = -35*r + 88200. List the prime factors of r.
2, 3, 7
Let k = 116 - 122. Let o = 245 - k. List the prime factors of o.
251
List the prime factors of 4/(-2) + -7 + 42446 + -6.
151, 281
Let q = 22 - 33. Let h(j) = 8 + 37*j**3 - 2*j - 36*j**3 + 4 + 10*j**2 - 15*j. List the prime factors of h(q).
2, 3, 13
Let m = 7765 + 3875. Suppose 34*i - m = 14*i. What are the prime factors of i?
2, 3, 97
Suppose -3*a + 21 = 4*r, 0 = 4*r + 5*a - 6 - 21. Suppose 4300 = 8*v - 5*v - 4*m, -2*v - r*m + 2895 = 0. What are the prime factors of v?
2, 3, 5
Suppose -8*q + 5481 = q. Suppose 4*x - q = -3*x. List the prime factors of x.
3, 29
Let j be (-5)/10 + 1/2. Suppose 3*i - 7*i = -2*w + 130, j = -w + 5*i + 71. Suppose 43 + w = 4*a. What are the prime factors of a?
2, 13
Let k(t) = 3*t**3 + 2*t**3 + 4 + t + 2*t**3 - 6*t**3. Let f be k(0). Suppose 0 = f*y + 5*o - 377, 2*y + 66 = 3*o + 227. List the prime factors of y.
2, 11
Let t(u) = -99*u + 2902. What are the prime factors of t(-14)?
2, 67
Let p be 9 - ((-54)/(-12) + (-5)/10). Let k = 20 + -10. Suppose 3*o - 5*n = 4*o - p, -4*n + k = 2*o. What are the prime factors of o?
5
Suppose 2*v - 2032 = 4*r + 6*v, 1022 = -2*r - 5*v. Let l = r - -894. What are the prime factors of l?
2, 97
Let z(j) = -j**3 + 8*j**2 - 2. Let g be z(8). Let p(l) = -54*l**3 + 3*l**2 + 5*l + 4. Let t be p(g). Let r = -262 + t. List the prime factors of r.
2, 11
Let m(l) = 13*l**2 + 226*l + 657. List the prime factors of m(-65).
2, 10223
Let u = 61 + -84. Let v = 1 - u. Let y = v + -10. List the prime factors of y.
2, 7
Let s(v) = -4671*v - 380. List the prime factors of s(-5).
5, 919
Let n = 3472 - -18892. List the prime factors of n.
2, 5591
Let c(k) = -9. Let x(b) = -b + 18. Let g(r) = 9*c(r) + 4*x(r). Let u be g(-3). Suppose 20 = -5*t, 184 = 3*n - n - u*t. List the prime factors of n.
2, 43
List the prime factors of (661544/39)/((-56)/(-84)).
2, 6361
Let n = 10293 - -41298. List the prime factors of n.
3, 29, 593
Let l be -6*-3*(2 + (-11)/6). Suppose 4 - l = -f. List the prime factors of 7*f/3*-39.
7, 13
Suppose 2*q - 26*f = -29*f + 49919, 0 = q + 53*f - 25423. What are the prime factors of q?
2